ple of 50?
False
Does 18 divide 1114?
False
Is 89 a factor of 712?
True
Is 10 a factor of 10340?
True
Is 1281 a multiple of 21?
True
Is 3717 a multiple of 9?
True
Does 242 divide 13638?
False
Is 4814 a multiple of 83?
True
Is 5 a factor of 610?
True
Is 73775 a multiple of 7?
False
Is 7960 a multiple of 5?
True
Does 11 divide 1067?
True
Does 14 divide 23817?
False
Does 6 divide 1197?
False
Is 187 a multiple of 33?
False
Does 15 divide 25433?
False
Is 871 a multiple of 13?
True
Is 17 a factor of 128673?
True
Is 4884 a multiple of 74?
True
Is 14 a factor of 11480?
True
Does 132 divide 1848?
True
Is 452 a multiple of 8?
False
Is 231 a factor of 1351?
False
Is 4016 a multiple of 39?
False
Does 10 divide 1370?
True
Does 5 divide 95?
True
Is 35411 a multiple of 48?
False
Is 988 a multiple of 13?
True
Does 69 divide 3077?
False
Is 5705 a multiple of 117?
False
Does 31 divide 217?
True
Is 4455 a multiple of 33?
True
Is 20 a factor of 16009?
False
Does 13 divide 2704?
True
Is 103 even?
False
Does 11 divide 4059?
True
Is 3929 a multiple of 7?
False
Does 139 divide 82983?
True
Does 23 divide 943?
True
Is 922 a multiple of 12?
False
Is 4903 a multiple of 14?
False
Does 12 divide 3940?
False
Is 105 a factor of 17745?
True
Is 22790 a multiple of 18?
False
Is 66 a factor of 8646?
True
Is 2542 a multiple of 31?
True
Is 14 a factor of 2295?
False
Is 38 a factor of 134713?
False
Is 100 a factor of 1300?
True
Does 207 divide 97704?
True
Does 22 divide 838?
False
Does 12 divide 720?
True
Is 27 a factor of 7317?
True
Does 18 divide 4878?
True
Is 637 a multiple of 49?
True
Is 11 a factor of 836?
True
Is 300 a multiple of 6?
True
Is 53 a factor of 4938?
False
Does 154 divide 46508?
True
Is 23 a multiple of 2?
False
Is 697 a multiple of 41?
True
Is 61896 a multiple of 311?
False
Is 79363 a multiple of 12?
False
Does 27 divide 56241?
True
Does 300 divide 44700?
True
Is 5 a factor of 9554?
False
Is 5 a factor of 100?
True
Is 37 a factor of 43993?
True
Is 10 a factor of 5380?
True
Does 33 divide 689?
False
Is 6916 a multiple of 14?
True
Is 10780 a multiple of 35?
True
Is 37 a factor of 1754?
False
Is 102 a factor of 87462?
False
Is 924 a multiple of 19?
False
Does 110 divide 44990?
True
Is 13 a factor of 168288?
False
Is 205 a multiple of 41?
True
Is 21 a factor of 11280?
False
Is 3464 a multiple of 7?
False
Is 2100 a multiple of 7?
True
Is 222 a multiple of 32?
False
Is 4868 a multiple of 67?
False
Is 760 a multiple of 19?
True
Does 65 divide 1692?
False
Is 12 a factor of 26530?
False
Does 24 divide 852?
False
Does 30 divide 2220?
True
Does 25 divide 750?
True
Is 23514 a multiple of 13?
False
Does 10 divide 12494?
False
Is 152532 a multiple of 9?
True
Is 170 a multiple of 10?
True
Is 46 a factor of 5152?
True
Is 16 a factor of 12409?
False
Does 8 divide 672?
True
Does 26 divide 2326?
False
Is 33 a factor of 23799?
False
Is 712 a multiple of 89?
True
Is 23 a factor of 4266?
False
Does 9 divide 473?
False
Does 6 divide 10481?
False
Does 4 divide 440?
True
Is 1200 a multiple of 75?
True
Is 33 a factor of 12540?
True
Is 5 a factor of 2216?
False
Does 23 divide 9961?
False
Is 10 a factor of 3270?
True
Is 961 a multiple of 23?
False
Is 10 a factor of 123435?
False
Is 119 a factor of 5815?
False
Is 19 a factor of 494?
True
Is 32376 a multiple of 57?
True
Does 4 divide 1457?
False
Is 32 a factor of 13504?
True
Does 101 divide 5398?
False
Is 3978 a multiple of 51?
True
Is 11082 a multiple of 18?
False
Is 5 a factor of 5770?
True
Is 4323 a multiple of 131?
True
Is 13234 a multiple of 44?
False
Is 7 a factor of 4091?
False
Is 6 a factor of 15041?
False
Does 31 divide 372?
True
Is 5114 a multiple of 27?
False
Is 26 a multiple of 3?
False
Is 84 a factor of 1932?
True
Does 107 divide 19474?
True
Is 36 a factor of 1431?
False
Is 20 a factor of 17200?
True
Is 24 a factor of 28605?
False
Does 34 divide 19856?
True
Is 89338 a multiple of 70?
False
Is 11 a factor of 199?
False
Does 17 divide 2125?
True
Is 36 a factor of 778?
False
Is 3801 a multiple of 45?
False
Is 11 a factor of 3390?
False
Is 63108 a multiple of 36?
True
Is 405 a multiple of 21?
False
Does 84 divide 31584?
True
Is 7 a factor of 2691?
False
Is 3 a factor of 939?
True
Does 14 divide 1509?
False
Is 11 a factor of 11721?
False
Is 4388 a multiple of 10?
False
Does 4 divide 69?
False
Is 10 a factor of 731?
False
Is 1054 a multiple of 24?
False
Is 366 a multiple of 122?
True
Is 10 a factor of 1655?
False
Is 166 a factor of 34729?
False
Is 31 a factor of 502?
False
Is 44 a factor of 1364?
True
Does 37 divide 3922?
True
Is 2695 a multiple of 2?
False
Is 22 a factor of 1226?
False
Does 6 divide 1245?
False
Is 53 a factor of 2597?
True
Does 53 divide 48482?
False
Is 2345 a multiple of 11?
False
Is 37 a factor of 15762?
True
Is 2549 a multiple of 9?
False
Is 431 a multiple of 4?
False
Is 109 a multiple of 35?
False
Is 167 a factor of 28891?
True
Does 14 divide 1013?
False
Does 14 divide 1687?
False
Is 6 a factor of 494?
False
Is 21301 a multiple of 141?
False
Is 490 a multiple of 8?
False
Is 255 a multiple of 26?
False
Is 67 a factor of 2010?
True
Is 5 a factor of 13665?
True
Is 59 a factor of 13735?
False
Does 19 divide 893?
True
Does 17 divide 6885?
True
Does 24 divide 25560?
True
Is 1257 a multiple of 64?
False
Is 638 a multiple of 16?
False
Does 8 divide 2704?
True
Is 12 a factor of 4065?
False
Is 11 a factor of 12276?
True
Does 10 divide 20464?
False
Is 245 a multiple of 11?
False
Does 15 divide 1530?
True
Does 33 divide 3135?
True
Is 30495 a multiple of 107?
True
Does 203 divide 4669?
True
Does 55 divide 10505?
True
Is 102 a multiple of 11?
False
Is 11 a factor of 519?
False
Does 29 divide 1423?
False
Is 254 a multiple of 41?
False
Is 13518 a multiple of 2?
True
Is 1863 a multiple of 9?
True
Does 130 divide 37244?
False
Is 17 a factor of 9078?
True
Is 23 a factor of 1700?
False
Does 8 divide 23968?
True
Does 7 divide 702?
False
Is 2331 a multiple of 63?
True
Does 16 divide 49792?
True
Is 6 a factor of 1030?
False
Does 13 divide 12866?
False
Is 38 a factor of 36016?
False
Is 1071 a multiple of 52?
False
Does 3 divide 30861?
True
Does 4 divide 341?
False
Does 21 divide 2738?
False
Is 13 a factor of 336?
False
Is 24 a factor of 7560?
True
Is 2075 a multiple of 83?
True
Is 475 a multiple of 25?
True
Does 65 divide 780?
True
Is 1698 a multiple of 22?
False
Does 3 divide 741?
True
Is 117 a factor of 32175?
True
Is 345 a multiple of 4?
False
Is 10 a factor of 5870?
True
Does 76 divide 1386?
False
Is 9858 a multiple of 62?
True
Does 7 divide 293?
False
Does 16 divide 10037?
False
Does 22 divide 38962?
True
Is 12 a multiple of 6?
True
Is 33 a factor of 4554?
True
Is 10 a factor of 1020?
True
Does 35 divide 48641?
False
Is 390 a multiple of 5?
True
Is 10 a factor of 2472?
False
Does 21 divide 18375?
True
Does 6 divide 2128?
False
Is 47 a factor of 18565?
True
Is 13435 a multiple of 47?
False
Does 123 divide 373?
False
Is 82 a multiple of 41?
True
Does 3 divide 70?
False
Does 12 divide 408?
True
Is 122 a factor of 21716?
True
Does 13 divide 65?
True
Is 5100 a multiple of 102?
True
Is 166 a multiple of 11?
False
Is 18 a factor of 24909?
False
Is 61 a factor of 1220?
True
Is 106 a factor of 19848?
False
Is 29 a factor of 1651?
False
Is 24896 a multiple of 104?
False
Does 67 divide 1519?
False
Does 40 divide 38032?
False
Is 13 a factor of 296?
False
Is 130 a factor of 18980?
True
Does 17 divide 1663?
False
Does 46 divide 27467?
False
Does 33 divide 429?
True
Does 24 divide 5136?
True
Is 26 a factor of 208?
True
Is 20 a factor of 495?
False
Is 37 a factor of 12580?
True
Does 74 divide 1008?
False
Does 3 divide 156?
True
Is 16 a factor of 2675?
False
Is 5135 a multiple of 13?
True
Does 3 divide 96?
True
Is 33 a factor of 31033?
False
Is 2267 a multiple of 31?
False
Is 33 a factor of 597?
False
Is 88 a factor of 1677?
False
Is 5 a factor of 238?
False
Is 25 a factor of 2275?
True
Is 10 a factor of 5932?
False
Is 401 a multiple of 3?
False
Is 2310 a multiple of 66?
True
Is 4588 a multiple of 105?
False
Is 94 a factor of 4072?
False
Is 265 a factor of 4240?
True
Is 11 a factor of 4224?
True
Is 82 a factor of 1747?
False
Is 228 a multiple of 12?
True
Is 54 a factor of 5616?
True
Is 15 a factor of 72?
False
Is 42864 a multiple of 304?
True
I